culate the remainder when 53 is divided by i.
25
Let k = -1401 - -1845. Calculate the remainder when k is divided by 72.
12
Suppose -3*h + 158 - 2 = 0. Suppose -h = -2*r + 4*p, -5*r = -r + 5*p - 78. Calculate the remainder when 87 is divided by r.
21
Let i(t) = -t**2 + 10*t + 1. Suppose 3*w = -4*y + 24, 0 = 5*y - 4*w - 50 - 11. What is the remainder when i(7) is divided by y?
4
Suppose 3 = -o + 6. Let w be (4 - o) + 16/4. Suppose -w*f + 479 = 69. Calculate the remainder when f is divided by 28.
26
Let s(d) = d - 7. Let i(t) = -t**3 + 4*t**2 + 5*t - 6. Let c be i(4). Calculate the remainder when 12 is divided by s(c).
5
Let x = 193 + -102. Let u = 95 - x. What is the remainder when 7 is divided by u?
3
Let s(w) = -3*w + 5 - 2*w**2 - 2 - 2. Let f be s(2). Let j = f - -22. Calculate the remainder when 15 is divided by j.
6
Let p(o) = -12*o - 4. Calculate the remainder when p(-5) is divided by (-1 - -20) + 0/1.
18
Let v(p) = -11*p - 87. Let y(i) = 12*i**2 + 2*i + 3. Calculate the remainder when y(-2) is divided by v(-9).
11
Suppose 0*j - 4*j + 115 = 3*h, 0 = 5*j + 5*h - 140. Let u = -2 - -1. Calculate the remainder when j is divided by 5/5 - (u - 6).
7
Suppose -6*g = -g - 220. What is the remainder when 349 is divided by g?
41
Let c = 23 - 19. Suppose -p - c = 0, -7*m + 3*p + 28 = -3*m. What is the remainder when 13 is divided by m?
1
Suppose 2*r + 120 = 7*r. Let a = -8 + r. Calculate the remainder when a is divided by (-3 - 0) + 13 - (16 + -13).
2
Suppose -76 = -27*d + 869. What is the remainder when 134 is divided by d?
29
Let h(p) = -16*p + 158. Calculate the remainder when 68 is divided by h(9).
12
Calculate the remainder when 75 is divided by (-32)/(-24)*3 - -7.
9
Let l = 461 + -377. Calculate the remainder when l is divided by 49.
35
Suppose -5*t = 3*z - 3, 3*z = 2*t + z - 14. Calculate the remainder when 65 is divided by t.
2
Let c(o) = -2*o + 20. Let k be c(11). What is the remainder when 21 + -1 + -3*(-1 - k) is divided by 5?
2
Let l(q) = 14*q**2 + q. Let c be l(1). Suppose -c + 48 = f. Let d = 286 + -123. Calculate the remainder when d is divided by f.
31
Let a(g) be the third derivative of g**6/120 - g**5/30 - 3*g**3/2 - 8*g**2. What is the remainder when 86 is divided by a(4)?
17
Suppose -3*s + 8*s = -160. Let b = -5 - s. Suppose -5*a = -o + 12, -2*o + 10*a = 15*a - 9. Calculate the remainder when b is divided by o.
6
Let h = -17 - -24. Suppose h + 13 = 2*f. Calculate the remainder when 18 is divided by f.
8
Suppose 5*c = -i + 275 + 1828, -c + 1 = 0. What is the remainder when i is divided by 42?
40
Let j = -60 - -60. Suppose 20 = a - j. What is the remainder when a is divided by 12?
8
Suppose 1 = 4*g - d, 0 = -7*g + 8*g + 2*d - 7. Calculate the remainder when 14 is divided by g.
0
Suppose 116 = 4*i + y, 0 = 5*i + 2*y - 104 - 44. Let p be 9/(-5)*40/(-12). Suppose -3*n - p = -39. Calculate the remainder when i is divided by n.
6
Suppose -4*t + 4 = 0, 4*i - t = 5*i - 9. Suppose -5*f = -i*f + 48. Let q(z) = 6*z - 5. Calculate the remainder when q(6) is divided by f.
15
Calculate the remainder when 127 is divided by (-12)/14 - (-10925)/161.
60
Let w(s) = 30*s**2 + 222*s + 93. What is the remainder when (-3)/(((-4)/(-6))/(-2)) is divided by w(-7)?
0
Let l(c) = 12*c**2 - c + 6. Let v be (7 - 6)*(-2 + 5). What is the remainder when l(v) is divided by 29?
24
Suppose 152 = 5*v - 358. What is the remainder when v is divided by 8?
6
Suppose 9*b = 4*b. Calculate the remainder when (b - 4/4)*1*-38 is divided by 14.
10
Let y = 167 - 150. What is the remainder when y is divided by 4?
1
Let z(g) = -g**2 + 16*g - 9. Calculate the remainder when 87 is divided by z(3).
27
Suppose -6*r + 3*r = -3*n + 51, -2*r = 3*n - 56. Calculate the remainder when 99 is divided by n.
9
Let j = -37 + 40. Suppose -52 = -j*s - s. What is the remainder when 48 is divided by s?
9
Suppose 4*y - 3*u = 4749, -5*y + 4*y + 4*u + 1184 = 0. What is the remainder when y is divided by 34?
32
Calculate the remainder when 244 is divided by 2/4 + -1 - (-22165)/286.
13
Suppose 34*n = 466 + 860. What is the remainder when 388 is divided by n?
37
Let a = -58 + 67. Let g(x) = -63*x - 2. Calculate the remainder when g(-1) is divided by a.
7
Suppose -2 = -5*o + 3. Suppose o = -2*y + 3*h - 4, -15 = -2*y - h. Suppose 11 = 2*w - y. What is the remainder when 22 is divided by w?
6
Suppose -5*y = 4*c - 21, 5*y - 30 = -3*c - 2*c. Let a(q) = 6 + 8*q - 2 - q**2 + 2*q. Calculate the remainder when 63 is divided by a(c).
11
Suppose 3*d + 4*d - 7 = 0. What is the remainder when 65 is divided by (1*(-22)/(-5))/(d/5)?
21
Let i = 615 + -602. Calculate the remainder when 220 is divided by i.
12
Let n(x) = x**3 - 9*x**2 + 13. Let b be n(9). Let t = b + -5. Calculate the remainder when t is divided by 2.
0
Let g = -139 - -164. Calculate the remainder when 83 is divided by g.
8
Suppose 3*i - 3*k - k = -11, -i = -4*k + 17. What is the remainder when (22 + -2)/(9/(-144)*-8) is divided by i?
1
Let p = 566 - 538. What is the remainder when 251 is divided by p?
27
Let s(g) = 6*g**2 + 4*g - 2. Let z(c) = -c**3 + 7*c**2 - 5*c - 14. Let o be z(6). Let i = o + 30. What is the remainder when s(3) is divided by i?
20
Suppose 0 = -z + 3*z - k - 76, -5*z = 5*k - 190. Calculate the remainder when 417 is divided by z.
37
Suppose -5*o = 10, -d - 4*o + 3*o = -11. What is the remainder when 29 is divided by d?
3
Let z = -298 - -914. Suppose -z = -0*r - 11*r. What is the remainder when r is divided by 16?
8
Let a be (-9)/15 - (-1640)/25. Suppose -b = -0*b - 2*z - a, 281 = 4*b - z. What is the remainder when b is divided by 24?
23
Suppose -28*x = -15*x - 1092. What is the remainder when 166 is divided by x?
82
Let c(s) = -17*s - 160. Calculate the remainder when 51 is divided by c(-11).
24
Let j = 6 + 12. Suppose -l + 4*l = 3*m + 645, -3*l = -5*m - 647. Let k = l - 125. What is the remainder when k is divided by j?
17
Let f(i) = i**2 + 4*i - 57. Calculate the remainder when f(-15) is divided by 11.
9
Let b(d) = 6*d**2 + 25*d + 71. What is the remainder when b(-5) is divided by 33?
30
Calculate the remainder when 56/70*1*155 is divided by 32.
28
Let y(t) = 4 - 23*t**2 + 23*t**2 + 8*t - 4*t - t**3. What is the remainder when y(-4) is divided by 28?
24
Suppose 3*j + 24 - 147 = 0. What is the remainder when j is divided by 8*(3 + -5)*-1?
9
Suppose -5*f = -3*b - 37, 0*f - 4*f = -20. Let i = 49 + b. What is the remainder when i is divided by 6?
3
Suppose 4*j - 4*b - 716 = 0, 0 = -3*j + 2*j - 5*b + 149. Calculate the remainder when j is divided by 79.
16
Suppose -15 = -r + 3*q + 1, 2*r - 4*q = 22. Let k be (-5)/(10/(-36)) + r. What is the remainder when 36 is divided by 2*k*3/6?
17
Suppose 5*f + z = -0*f + 32, 18 = 4*f - 3*z. Suppose 3*o - 2 = -l - 5, o + 31 = 3*l. Calculate the remainder when l is divided by f.
3
Let x be 6/(-24) + (-938)/(-8). Suppose -f = -4*f - 2*i + 117, 0 = 3*f + i - x. What is the remainder when f is divided by 14?
11
What is the remainder when 3122 is divided by (-164)/(-6) + 161/(-69)?
22
Suppose 11 + 3 = 2*v. Let n = 5 - v. What is the remainder when 12 is divided by (8/24)/(n/(-42))?
5
Suppose 3*s + 351 = -4*d + 953, d + 4*s = 157. Calculate the remainder when d is divided by 10.
9
Suppose 0 = 4*m - 0*m. Let i be m + (-2 - -2)/4. Suppose -39 = -i*b - b. Calculate the remainder when b is divided by 14.
11
Let b(g) = 4*g**2 + 2*g - 2. Let z be b(1). Suppose 6 = -z*n + 26. Suppose -n*v = -v - 16. What is the remainder when 19 is divided by v?
3
Let h(l) = -37*l - 27. What is the remainder when h(-5) is divided by 23?
20
Let c = 94 + -50. Suppose -z + 14 = -2*v - 0*v, -5*z + c = 3*v. What is the remainder when 57 is divided by z?
7
Let b = -132 + 267. Calculate the remainder when b is divided by 6/1*-3*28/(-18).
23
Let v be (0 + (-4)/(-4))*-2. Let z be v - 4/(16/(-60)). Let t = z - 0. Calculate the remainder when 38 is divided by t.
12
Suppose -8*t - 26*t + 748 = 0. Calculate the remainder when 128 is divided by t.
18
Let i(k) = -k + 3. Let x(u) = -3*u + 6. Let g(q) = 5*i(q) - 3*x(q). Suppose 0 = 3*v - v - 62. Calculate the remainder when v is divided by g(5).
14
Let k(y) = -y**2 - 5*y + 1. Let x be k(-4). Let z(t) = t**3 - 3*t**2 + 3*t - 12. Calculate the remainder when z(x) is divided by 14.
11
Suppose 0 =